ivisor of 133 and 20159?
19
Calculate the greatest common divisor of 164374 and 590.
118
Calculate the greatest common divisor of 126 and 38871.
63
Calculate the highest common divisor of 12582 and 342.
18
What is the greatest common divisor of 324 and 1757214?
162
Calculate the highest common factor of 81228 and 168.
84
What is the greatest common divisor of 12259 and 100901?
943
What is the greatest common divisor of 70 and 338?
2
Calculate the highest common divisor of 38 and 117154.
38
What is the greatest common divisor of 37424 and 784?
16
What is the highest common divisor of 16 and 3468016?
16
What is the highest common factor of 788940 and 45?
45
Calculate the greatest common factor of 1540 and 5324.
44
What is the greatest common divisor of 9515 and 97625?
55
What is the highest common divisor of 1097136 and 72?
72
Calculate the greatest common factor of 1645 and 1175.
235
What is the greatest common factor of 304 and 6262856?
152
Calculate the highest common divisor of 88 and 76952.
8
What is the highest common factor of 185929 and 1411?
17
Calculate the highest common factor of 176143 and 670.
67
Calculate the highest common divisor of 129538 and 1084.
542
What is the highest common divisor of 3553 and 9163?
187
Calculate the greatest common factor of 714 and 32232.
102
What is the greatest common factor of 1092 and 22281?
21
Calculate the highest common factor of 938 and 56.
14
What is the greatest common divisor of 24 and 5922?
6
What is the greatest common factor of 52545 and 930?
465
What is the greatest common divisor of 748 and 12980?
44
What is the highest common factor of 6358 and 2288?
22
Calculate the greatest common divisor of 49730 and 90.
10
Calculate the greatest common divisor of 12 and 1550488.
4
Calculate the greatest common factor of 41925 and 14448.
129
Calculate the highest common factor of 516 and 1944.
12
Calculate the highest common factor of 12256 and 29491.
383
Calculate the greatest common factor of 69 and 69.
69
Calculate the greatest common divisor of 1260527 and 661.
661
What is the highest common factor of 203 and 3277?
29
Calculate the highest common divisor of 44 and 266937.
11
What is the greatest common divisor of 415 and 5195?
5
What is the highest common factor of 90330 and 90?
30
Calculate the greatest common divisor of 1520 and 193952.
304
Calculate the highest common factor of 187 and 1100682.
187
Calculate the highest common divisor of 1995 and 43415.
95
What is the greatest common factor of 110 and 15224?
22
Calculate the greatest common divisor of 270971 and 93.
31
Calculate the highest common factor of 378 and 38196.
18
What is the greatest common factor of 31855 and 4432?
277
Calculate the greatest common divisor of 147663 and 243.
81
Calculate the highest common divisor of 7469 and 460944.
1067
Calculate the highest common divisor of 77851 and 127.
127
What is the greatest common factor of 1090 and 170?
10
What is the greatest common factor of 46 and 341849?
23
What is the greatest common factor of 117605 and 430?
215
Calculate the highest common factor of 43 and 1218.
1
What is the highest common factor of 98 and 28462?
14
Calculate the greatest common divisor of 813567 and 15608.
1951
What is the greatest common factor of 3959 and 17976?
107
Calculate the greatest common divisor of 655760 and 35.
35
Calculate the highest common divisor of 320 and 203040.
160
Calculate the highest common divisor of 151488 and 4410.
18
What is the greatest common divisor of 156961 and 119?
119
Calculate the highest common factor of 676608 and 480.
96
Calculate the highest common factor of 1400 and 60760.
280
Calculate the greatest common divisor of 8 and 23224.
8
Calculate the highest common divisor of 4993242 and 402.
402
Calculate the highest common factor of 1472 and 832.
64
Calculate the highest common factor of 2493 and 154289.
277
Calculate the highest common divisor of 292059 and 3132.
783
Calculate the greatest common factor of 13750 and 5830.
110
What is the highest common factor of 162 and 32210?
2
What is the highest common divisor of 3 and 8837?
1
Calculate the greatest common divisor of 8864 and 8033.
277
Calculate the highest common divisor of 1140 and 690.
30
Calculate the highest common divisor of 173 and 1.
1
Calculate the highest common divisor of 978 and 1774.
2
Calculate the highest common divisor of 308 and 5918.
22
Calculate the highest common factor of 44 and 6296.
4
What is the highest common divisor of 133 and 2137177?
133
Calculate the greatest common divisor of 1468 and 16.
4
Calculate the highest common divisor of 72 and 168104.
8
Calculate the highest common factor of 71912 and 1515.
101
What is the highest common divisor of 5202 and 144?
18
Calculate the greatest common divisor of 285489 and 63.
9
What is the greatest common factor of 10142 and 176?
22
Calculate the highest common factor of 80 and 1481840.
80
Calculate the greatest common factor of 150 and 867350.
50
Calculate the greatest common factor of 2271990 and 40.
10
What is the highest common factor of 17716 and 19982?
206
Calculate the highest common divisor of 5292 and 1350.
54
What is the highest common divisor of 50 and 82025?
25
Calculate the greatest common factor of 110 and 8756.
22
Calculate the highest common factor of 16 and 53.
1
What is the highest common divisor of 3799 and 597229?
131
Calculate the highest common factor of 20 and 17782.
2
Calculate the greatest common divisor of 50 and 33500.
50
Calculate the greatest common divisor of 7304 and 352.
88
What is the highest common divisor of 54 and 1996?
2
Calculate the highest common factor of 11485 and 2352128.
2297
Calculate the greatest common factor of 464847 and 534.
267
What is the highest common factor of 348 and 3364?
116
Calculate the greatest common factor of 64 and 122592.
32
Calculate the greatest common factor of 6630 and 36210.
510
Calculate the highest common factor of 1542 and 67334.
514
Calculate the highest common factor of 406 and 17255.
203
Calculate the greatest common factor of 402 and 576334.
134
Calculate the highest common divisor of 229018 and 3569.
43
What is the greatest common factor of 5476 and 1036?
148
What is the highest common factor of 85 and 1095004?
17
What is the greatest common factor of 30 and 14990?
10
What is the highest common factor of 125712 and 32?
16
Calculate the highest common factor of 361579 and 123.
41
What is the greatest common divisor of 5047 and 11021?
103
What is the greatest common divisor of 4123 and 8029?
217
Calculate the highest common factor of 2080572 and 13.
13
Calculate the highest common divisor of 2349 and 395937.
261
What is the highest common factor of 7488 and 90324?
468
What is the highest common factor of 145 and 13755425?
145
Calculate the highest common factor of 32037 and 15.
3
Calculate the greatest common divisor of 62 and 3480649.
31
What is the greatest common factor of 14050 and 14400?
50
Calculate the highest common factor of 135168 and 616.
88
What is the greatest common factor of 3392 and 20776?
424
What is the greatest common divisor of 210 and 18963?
21
Calculate the highest common divisor of 2080 and 12000.
160
Calculate the greatest common divisor of 123 and 118736.
41
Calculate the highest common factor of 2 and 44576.
2
Calculate the highest common factor of 59 and 441379.
59
Calculate the highest common divisor of 574 and 406.
14
What is the highest common divisor of 377 and 337311?
13
What is the greatest common factor of 315 and 1274?
7
What is the greatest common factor of 138864 and 248?
8
Calculate the greatest common divisor of 16 and 154832.
16
Calculate the highest common divisor of 78 and 20845.
1
What is the greatest common factor of 2430316 and 820?
164
Calculate the greatest common divisor of 5508 and 414.
18
Calculate the greatest common factor of 9510 and 930.
30
Calculate the highest common factor of 6776 and 1056.
88
Calculate the highest common factor of 4234 and 120158.
146
Calculate the highest common factor of 152074 and 286.
26
What is the highest common divisor of 82435 and 5?
5
What is the greatest common factor of 12296 and 148364?
116
Calculate the highest common factor of 428 and 54.
2
Calculate the highest common factor of 7803 and 